 3. List the prime factors of x(a).
2, 5
Suppose 18 = 2*m + 8. Suppose 11 = m*g - 0*g + o, 0 = -2*g + 4*o. What are the prime factors of g?
2
Let b = -10 + 9. Let y be 2 - (-28 - 0) - b. Suppose 3*r - y = 23. List the prime factors of r.
2, 3
Suppose 5*g - g - 16 = 0. Suppose 0 = -0*b - b + g. Suppose 0 = -b*v + 20, 3*v = 5*j - 0*v - 20. List the prime factors of j.
7
Suppose -5*s + 3*s = -208. List the prime factors of s.
2, 13
Let o = 31 + -19. Suppose -12 = -3*c - 3*r, 2*c - 6*c - 2*r = -o. What are the prime factors of c + 13 - (-4)/(-2)?
13
Let g(x) be the third derivative of 11*x**5/60 + x**4/24 - x**2. Let f be 5/(-10) + 3/(-6). List the prime factors of g(f).
2, 5
Let x(a) = -146*a + 28. List the prime factors of x(-2).
2, 5
Let w(a) = -a**3 - 7*a**2 - a - 10. Let s(t) = t**3 + 6*t**2 + 9. Let h(u) = -3*s(u) - 2*w(u). Let z be h(-5). Let v = -1 + z. List the prime factors of v.
7
Let k be 4*1/2*-2. Let l be 0 + -2 - (-46 - k). Suppose -d - l = -5*d. List the prime factors of d.
2, 5
Suppose 0 = 3*g - 3*h - 1056, 1502 = 4*g - h + 103. What are the prime factors of g?
349
Let v(w) = 39*w**3 - w**2 - w + 2. List the prime factors of v(1).
3, 13
Let m(v) = -6 - 3*v + 2 + 2*v - 3. What are the prime factors of m(-12)?
5
Let t(m) be the second derivative of -m**4/12 + 2*m**3/3 - m**2 + m. Suppose 11 = 5*b + a, 0 = 2*b - 2*a + 4 - 6. What are the prime factors of t(b)?
2
Let i(c) = -c**2 + c + 10. List the prime factors of i(0).
2, 5
Let g(j) = 0*j - 2*j + 0*j + 0*j + 2. Let m(v) = 6*v - 5. Let h(s) = 17*g(s) + 6*m(s). What are the prime factors of h(4)?
2, 3
Let n(m) = -m**2 - 6*m - 2. Let h be n(-5). Let d be (8/6)/(4/12). Suppose 28 = 2*t + h*z + 2, -d*t + 36 = 2*z. List the prime factors of t.
7
What are the prime factors of (2/4)/((-3)/(-396))?
2, 3, 11
Let b = -176 + 448. List the prime factors of b.
2, 17
Let t(j) = -j + 1. Let m be t(-3). Suppose 3*f - 2*i = -6*i - m, 3*i + 3 = -5*f. Suppose a + f*a = 6. What are the prime factors of a?
2, 3
Let m = 5 + 2. Suppose 2*s - 9 = m. List the prime factors of s.
2
Let v(x) = -x**3 - 5*x**2 + 8*x - 9. Suppose 0*b = b + 7. Let q be v(b). What are the prime factors of (-44)/33*q/(-2)?
2, 11
Let p = 14 - 7. Suppose 2*m - p - 5 = 0. Suppose -2 - m = -2*x. What are the prime factors of x?
2
Let q be (-4)/(-12) - (-22)/(-3). Let h = q - -11. Suppose 0 = 3*f + 4*r - 14 - 25, h*f - 4*r = 52. What are the prime factors of f?
13
Suppose -4*w + 21 = 3*v, -3*v = -5*w - 0*v + 6. Suppose y + 4*i = 2*y - 13, 12 = w*y - 3*i. Let r(j) = 6*j - 1. What are the prime factors of r(y)?
5
Suppose 3*z - 2*b - 2 = 0, -3*z - z + 18 = 5*b. Suppose 2*g + z*g = 0. Suppose -k - 4*s - 4 = 0, g = -k + 3*s - 0*s + 24. What are the prime factors of k?
2, 3
Let b(h) = -h**3 - 6*h**2 - 6*h. Let u be b(-5). Suppose -f - 50 = -3*f + u*m, m = -f + 11. List the prime factors of f.
3, 5
Let k(o) = o + 9. Suppose 2*l - h + 24 = 3*h, 0 = -2*l + 2*h - 18. List the prime factors of k(l).
3
List the prime factors of ((-170)/6)/((-3)/9).
5, 17
Let k = 49 - 33. List the prime factors of k.
2
Suppose 3 = 3*q + 21. Let t be -5 - (0 - 3) - q. Let d(m) = -m**3 + 4*m**2 + 3*m + 2. List the prime factors of d(t).
2, 7
Let i(x) = -x. Let t be i(-5). Suppose -2*j + 7*j - 5*a + t = 0, -j = -3*a - 3. Let p = j - -19. List the prime factors of p.
2
Suppose 5*i - 8*z + 3*z = 160, 4*i - z - 119 = 0. What are the prime factors of i?
29
Suppose s - 3*s - 6 = 0. Let w be (s + (-5)/(-2))*-74. Let x = w + -19. List the prime factors of x.
2, 3
Let c(b) = b**3 + 11*b**2 + 9*b - 5. Suppose -v - 2*v = 30. List the prime factors of c(v).
5
Let y = -49 - -94. Suppose -y = -4*s + 5*a, -s - 3*a - 5 = s. List the prime factors of s.
5
Let x(p) = -p**3 - p**2 - p. Let m be x(0). Let j be m - -1*(15 - 0). Let u = j + -10. List the prime factors of u.
5
Suppose 4*o = 5 + 3. Suppose 5*s - 12 = -o*j, -5*j - s = -3*s - 88. List the prime factors of j.
2
Suppose -8 = -c + 15. What are the prime factors of c?
23
Suppose -45*o = -48*o + 156. List the prime factors of o.
2, 13
Let g = -103 + 132. What are the prime factors of g?
29
Suppose 4*h + 0*c = 5*c + 135, 3*c - 38 = -h. List the prime factors of h.
5, 7
Let f = 3 - 1. Let s(d) = -4 + 2*d - 11*d - d**3 - 8*d**f - 1. List the prime factors of s(-7).
3
Let i(u) = 22*u - 6. Let y(g) be the third derivative of -7*g**4/24 + g**3/3 - g**2. Let q(z) = -5*i(z) - 16*y(z). What are the prime factors of q(7)?
2, 3
Suppose -5 = -w, 3*y - 2*w = 2*y + 111. What are the prime factors of y?
11
Suppose 2*f - 5 = f. Suppose 8 = n - 3*m - 0, f*n - m - 54 = 0. Suppose -n = -5*i + 24. What are the prime factors of i?
7
Suppose 0 = -3*g - 3*i - 0*i + 9, 0 = 2*i + 6. Suppose 5*u - j - 90 = 0, g*u - 4*u - 54 = 4*j. List the prime factors of u.
17
Let k(a) = 3*a**2 - 5*a + 5. Let t(j) = 7*j**2 - 11*j + 11. Let b(d) = -9*k(d) + 4*t(d). List the prime factors of b(-3).
5
Let x(m) = -m**3 + 11*m**2 - 9*m - 8. Let i be x(10). Suppose -g = -i - 25. What are the prime factors of g?
3
Let s be (1/(-3))/((-3)/9). Let v = s - 1. Suppose v*j - 4*j = 4, -3*j - 7 = -2*u. What are the prime factors of u?
2
Let h = 28 + -26. Suppose c = -h*c + 42. List the prime factors of c.
2, 7
Let a = 54 - 14. Let c(y) = -y**2 + 5*y + 3. Let w be c(4). Suppose w*i - 2*i = a. What are the prime factors of i?
2
Suppose -d - 4*o + 25 = -45, 2*o + 130 = 2*d. What are the prime factors of d?
2, 3, 11
Let b be 122/2 - (2 + -1). Let f = -45 - -45. Suppose 0*c + 5*c - b = f. What are the prime factors of c?
2, 3
List the prime factors of 65 + (1 - (7 - 4)).
3, 7
Let j = -2 - -1. Let p be 0/(2*j)*1. Suppose p = 5*q - 0*q - 60. List the prime factors of q.
2, 3
Let r be 24/(-20)*(-80)/(-3). Let u = r - -51. Suppose 4*l - 2*o - 42 = 0, 2*l + o = -0*l + u. What are the prime factors of l?
2, 5
Suppose 0 = 5*d + 2*i + 2*i - 96, 0 = i - 4. List the prime factors of d.
2
Let k be (8/(-10))/((-1)/(-10)). Let f(i) = 3*i**3 + 9*i**2 + i**3 + 7*i - 4 - i - 3*i**3. What are the prime factors of f(k)?
2, 3
Let a(d) = d**3 + 6*d**2 - 10*d + 3. List the prime factors of a(-7).
2, 3
Suppose 6 - 2 = 2*r. Suppose 0 = 4*s - r*u - 22, 3 = -2*u - u. List the prime factors of s.
5
Suppose 28 = -2*p - 2*p. Let n(j) = j**2 + 8*j + 9. Let m be n(p). Suppose 2*y = -m*y + 56. List the prime factors of y.
2, 7
Let z(g) = 30*g**2 + 5*g + 1 - 2*g - 4*g. What are the prime factors of z(1)?
2, 3, 5
Let w be 4/(3/(-30)*2). Let i = -11 - w. What are the prime factors of i?
3
Let l(u) = 48*u**2 + 2*u + 1. Let d be l(-1). What are the prime factors of 4/10*(d + -2)?
2, 3
Suppose 5*m - 3*u = -4*u - 209, -4*m + 2*u = 156. Let r = m + 86. What are the prime factors of r?
3, 5
Let c(i) = -39*i**3 + 9 - 1 + i - 7 + i**2. What are the prime factors of c(-1)?
2, 5
Let r(t) = 3*t - 3. Suppose 3*k + 3*l + 5 - 26 = 0, -5*k + 4*l - 10 = 0. Let w be r(k). Suppose 3*s = -m + 27, -s = 5*m + w*s - 91. List the prime factors of m.
3, 5
Let m(t) = t - 12. List the prime factors of m(14).
2
Suppose -5*w = -18 - 2. Suppose -3*f - 11 = -w*f. List the prime factors of f.
11
Suppose -2*m - 3*m + 3*a + 241 = 0, 55 = m - 4*a. What are the prime factors of m?
47
Suppose -15 = -4*o - 4*t + 5, -o + t + 3 = 0. Suppose 0*i = -o*i. Suppose i*b - 44 = -4*b. List the prime factors of b.
11
Suppose -3*k = 3*p - 175 - 137, 0 = 2*k - 4*p - 184. List the prime factors of k.
2, 5
Let k = 105 - 68. List the prime factors of k.
37
Suppose 4*l - l = 48. List the prime factors of (15/(-6))/((-4)/l).
2, 5
Let l(o) = -o**2 - 9*o - 3. Let s be l(-6). Let y = -12 + s. List the prime factors of y.
3
Let s(y) = 51*y**2 + y - 1. Let a be s(1). Suppose 0*q - a = q. List the prime factors of 1*q*(-3)/9.
17
Let v(y) = -2*y**3 - 3*y**2 - 1. What are the prime factors of v(-3)?
2, 13
Let g be (6/4)/((-6)/16). Let h = 9 + g. Suppose 2*u = h*u - 12. List the prime factors of u.
2
Let u = -23 + 28. What are the prime factors of u?
5
Let r be 3*(84/9)/2. Let j = r - 8. What are the prime factors of j + 2/(-2 + 4)?
7
Suppose 139 = 3*o - 11. Suppose 0 = -3*w + o + 25. What are the prime factors of w?
5
What are the prime factors of -218*1/(2*(-3)/3)?
109
List the prime factors of (-4)/(3/(-3)) - -266.
2, 3, 5
Let a(b) = b**3 + 4*b**2 - 2*b - 5. Suppose -2*n - 16 = 2